{"id":8975,"date":"2024-05-21T17:24:35","date_gmt":"2024-05-21T14:24:35","guid":{"rendered":"https:\/\/blumdecor.eu\/?page_id=8975"},"modified":"2024-09-18T17:25:21","modified_gmt":"2024-09-18T14:25:21","slug":"dekoras","status":"publish","type":"page","link":"https:\/\/blumdecor.eu\/index.php\/dekoras\/","title":{"rendered":"Dekoras"},"content":{"rendered":"\t\t<div data-elementor-type=\"wp-page\" data-elementor-id=\"8975\" class=\"elementor elementor-8975\">\n\t\t\t\t\t\t<section class=\"wd-negative-gap elementor-section elementor-top-section elementor-element elementor-element-be800f3 elementor-section-content-middle elementor-section-boxed elementor-section-height-default elementor-section-height-default\" data-id=\"be800f3\" data-element_type=\"section\">\n\t\t\t\t\t\t<div class=\"elementor-container elementor-column-gap-default\">\n\t\t\t\t\t<div class=\"elementor-column elementor-col-50 elementor-top-column elementor-element elementor-element-6f07057a\" data-id=\"6f07057a\" data-element_type=\"column\">\n\t\t\t<div class=\"elementor-widget-wrap elementor-element-populated\">\n\t\t\t\t\t\t<section class=\"wd-negative-gap elementor-section elementor-inner-section elementor-element elementor-element-53b5b91d elementor-section-boxed elementor-section-height-default elementor-section-height-default\" data-id=\"53b5b91d\" data-element_type=\"section\">\n\t\t\t\t\t\t<div class=\"elementor-container elementor-column-gap-extended\">\n\t\t\t\t\t<div class=\"elementor-column elementor-col-50 elementor-inner-column elementor-element elementor-element-63192f3f\" data-id=\"63192f3f\" data-element_type=\"column\">\n\t\t\t<div class=\"elementor-widget-wrap elementor-element-populated\">\n\t\t\t\t\t\t<div class=\"elementor-element elementor-element-6a9f02ef elementor-widget elementor-widget-wd_image_or_svg\" data-id=\"6a9f02ef\" data-element_type=\"widget\" data-widget_type=\"wd_image_or_svg.default\">\n\t\t\t\t<div class=\"elementor-widget-container\">\n\t\t\t\t\t\n\t\t<div class=\"wd-image text-left\">\n\t\t\t\t\t\t\t\t<img fetchpriority=\"high\" decoding=\"async\" width=\"1707\" height=\"2560\" src=\"https:\/\/blumdecor.eu\/wp-content\/uploads\/2024\/05\/GM-160-min-scaled.jpg\" class=\"attachment-full size-full\" alt=\"Eleganti\u0161kai i\u0161klotas stalas lauko vakarienei su rudos spalvos detalemis ir \u0161viesiomis g\u0117l\u0117mis.\" srcset=\"https:\/\/blumdecor.eu\/wp-content\/uploads\/2024\/05\/GM-160-min-scaled.jpg 1707w, https:\/\/blumdecor.eu\/wp-content\/uploads\/2024\/05\/GM-160-min-200x300.jpg 200w, https:\/\/blumdecor.eu\/wp-content\/uploads\/2024\/05\/GM-160-min-533x800.jpg 533w, https:\/\/blumdecor.eu\/wp-content\/uploads\/2024\/05\/GM-160-min-768x1152.jpg 768w, https:\/\/blumdecor.eu\/wp-content\/uploads\/2024\/05\/GM-160-min-1024x1536.jpg 1024w, https:\/\/blumdecor.eu\/wp-content\/uploads\/2024\/05\/GM-160-min-1365x2048.jpg 1365w, https:\/\/blumdecor.eu\/wp-content\/uploads\/2024\/05\/GM-160-min-430x645.jpg 430w, https:\/\/blumdecor.eu\/wp-content\/uploads\/2024\/05\/GM-160-min-700x1050.jpg 700w, https:\/\/blumdecor.eu\/wp-content\/uploads\/2024\/05\/GM-160-min-150x225.jpg 150w\" sizes=\"(max-width: 1707px) 100vw, 1707px\" \/>\t\t\t\t\t<\/div>\n\n\t\t\t\t\t\t<\/div>\n\t\t\t\t<\/div>\n\t\t\t\t\t<\/div>\n\t\t<\/div>\n\t\t\t\t<div class=\"elementor-column elementor-col-50 elementor-top-column elementor-element elementor-element-6e6f0f6f\" data-id=\"6e6f0f6f\" data-element_type=\"column\">\n\t\t\t<div class=\"elementor-widget-wrap elementor-element-populated\">\n\t\t\t\t\t\t<div class=\"elementor-element elementor-element-3f0a382a elementor-widget elementor-widget-wd_image_or_svg\" data-id=\"3f0a382a\" data-element_type=\"widget\" data-widget_type=\"wd_image_or_svg.default\">\n\t\t\t\t<div class=\"elementor-widget-container\">\n\t\t\t\t\t\n\t\t<div class=\"wd-image text-left\">\n\t\t\t\t\t\t\t\t<img decoding=\"async\" width=\"300\" height=\"440\" src=\"https:\/\/blumdecor.eu\/wp-content\/uploads\/2024\/05\/photostoriesbyIeva129-min-scaled-300x440.jpg\" class=\"attachment-300x440 size-300x440\" alt=\"\" \/>\t\t\t\t\t<\/div>\n\n\t\t\t\t\t\t<\/div>\n\t\t\t\t<\/div>\n\t\t\t\t\t<\/div>\n\t\t<\/div>\n\t\t\t\t\t<\/div>\n\t\t<\/section>\n\t\t\t\t\t<\/div>\n\t\t<\/div>\n\t\t\t\t<div class=\"elementor-column elementor-col-50 elementor-top-column elementor-element elementor-element-6244e666\" data-id=\"6244e666\" data-element_type=\"column\">\n\t\t\t<div class=\"elementor-widget-wrap elementor-element-populated\">\n\t\t\t\t\t\t<div class=\"elementor-element elementor-element-9dc7d1f elementor-widget elementor-widget-wd_text_block\" data-id=\"9dc7d1f\" data-element_type=\"widget\" data-widget_type=\"wd_text_block.default\">\n\t\t\t\t<div class=\"elementor-widget-container\">\n\t\t\t\t\t\t\t<div class=\"wd-text-block reset-last-child text-center color-primary color-scheme-custom\">\n\t\t\t\n\t\t\t<p>Patik\u0117kite savo \u0161vent\u0119 mums!<\/p>\n\t\t\t\t\t<\/div>\n\t\t\t\t\t\t<\/div>\n\t\t\t\t<\/div>\n\t\t\t\t<div class=\"elementor-element elementor-element-51ea8a04 wd-width-100 elementor-widget elementor-widget-wd_title\" data-id=\"51ea8a04\" data-element_type=\"widget\" data-widget_type=\"wd_title.default\">\n\t\t\t\t<div class=\"elementor-widget-container\">\n\t\t\t\t\t\t\t<div class=\"title-wrapper wd-set-mb reset-last-child wd-title-color-default wd-title-style-default wd-title-size-default text-center\">\n\n\t\t\t\n\t\t\t<div class=\"liner-continer\">\n\t\t\t\t<h4 class=\"woodmart-title-container title wd-fontsize-l\"><\/h4> \n\t\t\t\t\t\t\t<\/div>\n\n\t\t\t\t\t\t\t<div class=\"title-after_title reset-last-child wd-fontsize-xs\">\n\t\t\t\t\t<p>Dekoras yra vienas svarbiausi\u0173 dalyk\u0173 \u0161vent\u0117s dien\u0105. J\u012f prisiminsite bei matysite nuotraukose ilgus metus, tod\u0117l svarbu pasirinkti save atspindint\u012f ir tem\u0105 atliepiant\u012f dekor\u0105.<\/p><p>Pagrindin\u0117s m\u016bs\u0173 puo\u0161iamos \u0161vent\u0117s yra vestuv\u0117s, ta\u010diau galime dekoruoti ir gimtadienius, jubiliejus, krik\u0161tynas, \u012fmon\u0117s renginius, piknikus ir t.t.<br \/>\u012e dekoravimo kain\u0105 \u012feina:<span style=\"font-size: 20px;letter-spacing: 0.4px;text-align: var(--text-align);color: var(--wd-text-color)\">\u00a0<\/span><\/p><p>bendravimas su klientais, j\u0173 poreiki\u0173 i\u0161siai\u0161kinimas;<br \/>id\u0117j\u0173 generavimas, vizijos pateikimas, galutin\u0117s id\u0117jos vystymas;<br \/>tinkam\u0173 rekvizit\u0173 paie\u0161ka\/gamyba;<br \/>spaudos maketavimas, rank\u0173 darbo stalo korteli\u0173 gamyba;<br \/>mano turimas inventorius;<br \/>bendras dekoras \u0161vent\u0117s vietoje;<br \/>dekoro demontavimas ir rekvizit\u0173 gr\u0105\u017einimas kit\u0105 dien\u0105.<\/p>\t\t\t\t<\/div>\n\t\t\t\t\t<\/div>\n\t\t\t\t\t\t<\/div>\n\t\t\t\t<\/div>\n\t\t\t\t\t<\/div>\n\t\t<\/div>\n\t\t\t\t\t<\/div>\n\t\t<\/section>\n\t\t\t\t<\/div>\n\t\t","protected":false},"excerpt":{"rendered":"<p>Patik\u0117kite savo \u0161vent\u0119 mums! Dekoras yra vienas svarbiausi\u0173 dalyk\u0173 \u0161vent\u0117s dien\u0105. J\u012f prisiminsite bei matysite nuotraukose ilgus metus, tod\u0117l svarbu<\/p>\n","protected":false},"author":2,"featured_media":0,"parent":0,"menu_order":0,"comment_status":"closed","ping_status":"closed","template":"","meta":{"footnotes":""},"class_list":["post-8975","page","type-page","status-publish","hentry"],"yoast_head":"<!-- This site is optimized with the Yoast SEO plugin v24.8.1 - https:\/\/yoast.com\/wordpress\/plugins\/seo\/ -->\n<title>Dekoras - Bl\u016bm<\/title>\n<meta name=\"robots\" content=\"index, follow, max-snippet:-1, max-image-preview:large, max-video-preview:-1\" \/>\n<link rel=\"canonical\" href=\"https:\/\/blumdecor.eu\/index.php\/dekoras\/\" \/>\n<meta property=\"og:locale\" content=\"lt_LT\" \/>\n<meta property=\"og:type\" content=\"article\" \/>\n<meta property=\"og:title\" content=\"Dekoras - Bl\u016bm\" \/>\n<meta property=\"og:description\" content=\"Patik\u0117kite savo \u0161vent\u0119 mums! Dekoras yra vienas svarbiausi\u0173 dalyk\u0173 \u0161vent\u0117s dien\u0105. J\u012f prisiminsite bei matysite nuotraukose ilgus metus, tod\u0117l svarbu\" \/>\n<meta property=\"og:url\" content=\"https:\/\/blumdecor.eu\/index.php\/dekoras\/\" \/>\n<meta property=\"og:site_name\" content=\"Bl\u016bm\" \/>\n<meta property=\"article:publisher\" content=\"https:\/\/www.facebook.com\/blumdekoras\" \/>\n<meta property=\"article:modified_time\" content=\"2024-09-18T14:25:21+00:00\" \/>\n<meta property=\"og:image\" content=\"https:\/\/blumdecor.eu\/wp-content\/uploads\/2024\/05\/GM-160-min-scaled.jpg\" \/>\n<meta name=\"twitter:card\" content=\"summary_large_image\" \/>\n<meta name=\"twitter:label1\" content=\"Est. reading time\" \/>\n\t<meta name=\"twitter:data1\" content=\"1 minut\u0117\" \/>\n<script type=\"application\/ld+json\" class=\"yoast-schema-graph\">{\"@context\":\"https:\/\/schema.org\",\"@graph\":[{\"@type\":\"WebPage\",\"@id\":\"https:\/\/blumdecor.eu\/index.php\/dekoras\/\",\"url\":\"https:\/\/blumdecor.eu\/index.php\/dekoras\/\",\"name\":\"Dekoras - Bl\u016bm\",\"isPartOf\":{\"@id\":\"https:\/\/blumdecor.eu\/#website\"},\"primaryImageOfPage\":{\"@id\":\"https:\/\/blumdecor.eu\/index.php\/dekoras\/#primaryimage\"},\"image\":{\"@id\":\"https:\/\/blumdecor.eu\/index.php\/dekoras\/#primaryimage\"},\"thumbnailUrl\":\"https:\/\/blumdecor.eu\/wp-content\/uploads\/2024\/05\/GM-160-min-scaled.jpg\",\"datePublished\":\"2024-05-21T14:24:35+00:00\",\"dateModified\":\"2024-09-18T14:25:21+00:00\",\"breadcrumb\":{\"@id\":\"https:\/\/blumdecor.eu\/index.php\/dekoras\/#breadcrumb\"},\"inLanguage\":\"lt-LT\",\"potentialAction\":[{\"@type\":\"ReadAction\",\"target\":[\"https:\/\/blumdecor.eu\/index.php\/dekoras\/\"]}]},{\"@type\":\"ImageObject\",\"inLanguage\":\"lt-LT\",\"@id\":\"https:\/\/blumdecor.eu\/index.php\/dekoras\/#primaryimage\",\"url\":\"https:\/\/blumdecor.eu\/wp-content\/uploads\/2024\/05\/GM-160-min-scaled.jpg\",\"contentUrl\":\"https:\/\/blumdecor.eu\/wp-content\/uploads\/2024\/05\/GM-160-min-scaled.jpg\",\"width\":1707,\"height\":2560,\"caption\":\"Stilingas lauko vakar\u0117lio stalo dekoras\"},{\"@type\":\"BreadcrumbList\",\"@id\":\"https:\/\/blumdecor.eu\/index.php\/dekoras\/#breadcrumb\",\"itemListElement\":[{\"@type\":\"ListItem\",\"position\":1,\"name\":\"Pagrindinis\",\"item\":\"https:\/\/blumdecor.eu\/\"},{\"@type\":\"ListItem\",\"position\":2,\"name\":\"Dekoras\"}]},{\"@type\":\"WebSite\",\"@id\":\"https:\/\/blumdecor.eu\/#website\",\"url\":\"https:\/\/blumdecor.eu\/\",\"name\":\"Bl\u016bm\",\"description\":\"\",\"publisher\":{\"@id\":\"https:\/\/blumdecor.eu\/#organization\"},\"potentialAction\":[{\"@type\":\"SearchAction\",\"target\":{\"@type\":\"EntryPoint\",\"urlTemplate\":\"https:\/\/blumdecor.eu\/?s={search_term_string}\"},\"query-input\":{\"@type\":\"PropertyValueSpecification\",\"valueRequired\":true,\"valueName\":\"search_term_string\"}}],\"inLanguage\":\"lt-LT\"},{\"@type\":\"Organization\",\"@id\":\"https:\/\/blumdecor.eu\/#organization\",\"name\":\"Bl\u016bm\",\"url\":\"https:\/\/blumdecor.eu\/\",\"logo\":{\"@type\":\"ImageObject\",\"inLanguage\":\"lt-LT\",\"@id\":\"https:\/\/blumdecor.eu\/#\/schema\/logo\/image\/\",\"url\":\"https:\/\/blumdecor.eu\/wp-content\/uploads\/2023\/02\/Untitled-16.jpeg\",\"contentUrl\":\"https:\/\/blumdecor.eu\/wp-content\/uploads\/2023\/02\/Untitled-16.jpeg\",\"width\":700,\"height\":400,\"caption\":\"Bl\u016bm\"},\"image\":{\"@id\":\"https:\/\/blumdecor.eu\/#\/schema\/logo\/image\/\"},\"sameAs\":[\"https:\/\/www.facebook.com\/blumdekoras\",\"https:\/\/www.instagram.com\/blumdekoras\/\"]}]}<\/script>\n<!-- \/ Yoast SEO plugin. -->","yoast_head_json":{"title":"Dekoras - Bl\u016bm","robots":{"index":"index","follow":"follow","max-snippet":"max-snippet:-1","max-image-preview":"max-image-preview:large","max-video-preview":"max-video-preview:-1"},"canonical":"https:\/\/blumdecor.eu\/index.php\/dekoras\/","og_locale":"lt_LT","og_type":"article","og_title":"Dekoras - Bl\u016bm","og_description":"Patik\u0117kite savo \u0161vent\u0119 mums! Dekoras yra vienas svarbiausi\u0173 dalyk\u0173 \u0161vent\u0117s dien\u0105. J\u012f prisiminsite bei matysite nuotraukose ilgus metus, tod\u0117l svarbu","og_url":"https:\/\/blumdecor.eu\/index.php\/dekoras\/","og_site_name":"Bl\u016bm","article_publisher":"https:\/\/www.facebook.com\/blumdekoras","article_modified_time":"2024-09-18T14:25:21+00:00","og_image":[{"url":"https:\/\/blumdecor.eu\/wp-content\/uploads\/2024\/05\/GM-160-min-scaled.jpg","type":"","width":"","height":""}],"twitter_card":"summary_large_image","twitter_misc":{"Est. reading time":"1 minut\u0117"},"schema":{"@context":"https:\/\/schema.org","@graph":[{"@type":"WebPage","@id":"https:\/\/blumdecor.eu\/index.php\/dekoras\/","url":"https:\/\/blumdecor.eu\/index.php\/dekoras\/","name":"Dekoras - Bl\u016bm","isPartOf":{"@id":"https:\/\/blumdecor.eu\/#website"},"primaryImageOfPage":{"@id":"https:\/\/blumdecor.eu\/index.php\/dekoras\/#primaryimage"},"image":{"@id":"https:\/\/blumdecor.eu\/index.php\/dekoras\/#primaryimage"},"thumbnailUrl":"https:\/\/blumdecor.eu\/wp-content\/uploads\/2024\/05\/GM-160-min-scaled.jpg","datePublished":"2024-05-21T14:24:35+00:00","dateModified":"2024-09-18T14:25:21+00:00","breadcrumb":{"@id":"https:\/\/blumdecor.eu\/index.php\/dekoras\/#breadcrumb"},"inLanguage":"lt-LT","potentialAction":[{"@type":"ReadAction","target":["https:\/\/blumdecor.eu\/index.php\/dekoras\/"]}]},{"@type":"ImageObject","inLanguage":"lt-LT","@id":"https:\/\/blumdecor.eu\/index.php\/dekoras\/#primaryimage","url":"https:\/\/blumdecor.eu\/wp-content\/uploads\/2024\/05\/GM-160-min-scaled.jpg","contentUrl":"https:\/\/blumdecor.eu\/wp-content\/uploads\/2024\/05\/GM-160-min-scaled.jpg","width":1707,"height":2560,"caption":"Stilingas lauko vakar\u0117lio stalo dekoras"},{"@type":"BreadcrumbList","@id":"https:\/\/blumdecor.eu\/index.php\/dekoras\/#breadcrumb","itemListElement":[{"@type":"ListItem","position":1,"name":"Pagrindinis","item":"https:\/\/blumdecor.eu\/"},{"@type":"ListItem","position":2,"name":"Dekoras"}]},{"@type":"WebSite","@id":"https:\/\/blumdecor.eu\/#website","url":"https:\/\/blumdecor.eu\/","name":"Bl\u016bm","description":"","publisher":{"@id":"https:\/\/blumdecor.eu\/#organization"},"potentialAction":[{"@type":"SearchAction","target":{"@type":"EntryPoint","urlTemplate":"https:\/\/blumdecor.eu\/?s={search_term_string}"},"query-input":{"@type":"PropertyValueSpecification","valueRequired":true,"valueName":"search_term_string"}}],"inLanguage":"lt-LT"},{"@type":"Organization","@id":"https:\/\/blumdecor.eu\/#organization","name":"Bl\u016bm","url":"https:\/\/blumdecor.eu\/","logo":{"@type":"ImageObject","inLanguage":"lt-LT","@id":"https:\/\/blumdecor.eu\/#\/schema\/logo\/image\/","url":"https:\/\/blumdecor.eu\/wp-content\/uploads\/2023\/02\/Untitled-16.jpeg","contentUrl":"https:\/\/blumdecor.eu\/wp-content\/uploads\/2023\/02\/Untitled-16.jpeg","width":700,"height":400,"caption":"Bl\u016bm"},"image":{"@id":"https:\/\/blumdecor.eu\/#\/schema\/logo\/image\/"},"sameAs":["https:\/\/www.facebook.com\/blumdekoras","https:\/\/www.instagram.com\/blumdekoras\/"]}]}},"_links":{"self":[{"href":"https:\/\/blumdecor.eu\/index.php\/wp-json\/wp\/v2\/pages\/8975","targetHints":{"allow":["GET"]}}],"collection":[{"href":"https:\/\/blumdecor.eu\/index.php\/wp-json\/wp\/v2\/pages"}],"about":[{"href":"https:\/\/blumdecor.eu\/index.php\/wp-json\/wp\/v2\/types\/page"}],"author":[{"embeddable":true,"href":"https:\/\/blumdecor.eu\/index.php\/wp-json\/wp\/v2\/users\/2"}],"replies":[{"embeddable":true,"href":"https:\/\/blumdecor.eu\/index.php\/wp-json\/wp\/v2\/comments?post=8975"}],"version-history":[{"count":22,"href":"https:\/\/blumdecor.eu\/index.php\/wp-json\/wp\/v2\/pages\/8975\/revisions"}],"predecessor-version":[{"id":9201,"href":"https:\/\/blumdecor.eu\/index.php\/wp-json\/wp\/v2\/pages\/8975\/revisions\/9201"}],"wp:attachment":[{"href":"https:\/\/blumdecor.eu\/index.php\/wp-json\/wp\/v2\/media?parent=8975"}],"curies":[{"name":"wp","href":"https:\/\/api.w.org\/{rel}","templated":true}]}}